{"id":1483,"date":"2018-11-01T11:54:22","date_gmt":"2018-11-01T10:54:22","guid":{"rendered":"http:\/\/lespassereves.fr\/?page_id=1483"},"modified":"2019-01-29T15:41:10","modified_gmt":"2019-01-29T14:41:10","slug":"spectacle-de-theatre-pour-enfants-chuchote-moi-tes-reves","status":"publish","type":"page","link":"http:\/\/lespassereves.fr\/index.php\/prestations-theatrales\/spectacle-de-theatre-pour-enfants-chuchote-moi-tes-reves\/","title":{"rendered":"Spectacle de th\u00e9\u00e2tre pour enfants \u00ab\u00a0Chuchote moi tes r\u00eaves\u00a0\u00bb"},"content":{"rendered":"<h1><span style=\"font-size: 12pt;\">Spectacle de th\u00e9\u00e2tre pour enfants \u00e0 base d&rsquo;improvisation<\/span><\/h1>\n<p style=\"text-align: center;\">\t\t<link href=\"http:\/\/lespassereves.fr\/wp-content\/plugins\/slideshow-ck\/themes\/default\/css\/camera.css\" rel=\"stylesheet\" type=\"text\/css\" \/>\n\t\t<style type=\"text\/css\">\n\t\t\t#camera_wrap_1554 .camera_pag_ul li img, #camera_wrap_1554 .camera_thumbs_cont ul li img {\n\t\t\t\theight:100px;\n\t\t\t\twidth: auto;\n\t\t\t}\n\t\t\t#camera_wrap_1554 .camera_caption {\n\t\t\t\tdisplay: block;\n\t\t\t\tposition: absolute;\n\t\t\t}\n\t\t\t#camera_wrap_1554 .camera_caption a.camera_caption_link {\n\t\t\t\tdisplay: block;\n\t\t\t\tposition: absolute;\n\t\t\t\tleft: 0;\n\t\t\t\tright: 0;\n\t\t\t\ttop: 0;\n\t\t\t\tbottom: 0;\n\t\t\t}\n\t\t\t#camera_wrap_1554 .camera_caption > div {\n\t\t\t\tbackground: #000000;\t\t\t}\n\t\t\t#camera_wrap_1554 .camera_caption div.camera_caption_title {\n\t\t\t\tfont-size: 18px;line-height: 18px;font-weight: normal;\t\t\t}\n\t\t\t#camera_wrap_1554 .camera_caption div.camera_caption_desc {\n\t\t\t\tfont-size: 12px;line-height: 12px;font-weight: normal;\t\t\t}\n\t\t<\/style>\n\t\t\t\t<div class=\"slideshowck camera_wrap camera_amber_skin\" id=\"camera_wrap_1554\">\n\t\t\t\t\t\t\t<div  data-thumb=\"http:\/\/lespassereves.fr\/wp-content\/uploads\/2018\/06\/passe-reves-festival-mamers.jpg\" data-src=\"http:\/\/lespassereves.fr\/wp-content\/uploads\/2018\/06\/passe-reves-festival-mamers.jpg\" data-link=\"http:\/\/lespassereves.fr\/wp-content\/uploads\/2018\/06\/passe-reves-festival-mamers.jpg\" data-target=\"\" data-alignment=\"\">\n\t\t\t\t\t\t\t\t\t\t\t\t<div class=\"camera_caption moveFromLeft\">\n\t\t\t\t\t\t\t\t\t\t\t\t\t\t<div class=\"camera_caption_title\">\n\t\t\t\t\t\t\t\tSpectacle enfants Mamers\t\t\t\t\t\t\t<\/div>\n\t\t\t\t\t\t\t\t\t\t\t\t\t\t\t\t\t\t\t\t\t<div class=\"camera_caption_desc\">\n\t\t\t\t\t\t\t\tChuchote moi tes r\u00eaves\t\t\t\t\t\t\t<\/div>\n\t\t\t\t\t\t\t\t\t\t\t\t\t\t\t\t\t\t\t\t\t\t\t\t\t\t\t<\/div>\n\t\t\t\t\t\t\t\t\t\t<\/div>\n\t\t\t\t\t\t\t<div  data-thumb=\"http:\/\/lespassereves.fr\/wp-content\/uploads\/2018\/10\/chuchote-01.jpg\" data-src=\"http:\/\/lespassereves.fr\/wp-content\/uploads\/2018\/10\/chuchote-01.jpg\" data-link=\"http:\/\/lespassereves.fr\/wp-content\/uploads\/2018\/10\/chuchote-01.jpg\" data-target=\"\" data-alignment=\"\">\n\t\t\t\t\t\t\t\t\t\t\t\t<div class=\"camera_caption moveFromLeft\">\n\t\t\t\t\t\t\t\t\t\t\t\t\t\t<div class=\"camera_caption_title\">\n\t\t\t\t\t\t\t\tSpectacle enfants Vernou\t\t\t\t\t\t\t<\/div>\n\t\t\t\t\t\t\t\t\t\t\t\t\t\t\t\t\t\t\t\t\t<div class=\"camera_caption_desc\">\n\t\t\t\t\t\t\t\tChuchote moi tes r\u00eaves\t\t\t\t\t\t\t<\/div>\n\t\t\t\t\t\t\t\t\t\t\t\t\t\t\t\t\t\t\t\t\t\t\t\t\t\t\t<\/div>\n\t\t\t\t\t\t\t\t\t\t<\/div>\n\t\t\t\t\t\t\t<div  data-thumb=\"http:\/\/lespassereves.fr\/wp-content\/uploads\/2018\/10\/chuchote-03.jpg\" data-src=\"http:\/\/lespassereves.fr\/wp-content\/uploads\/2018\/10\/chuchote-03.jpg\" data-link=\"http:\/\/lespassereves.fr\/wp-content\/uploads\/2018\/10\/chuchote-03.jpg\" data-target=\"\" data-alignment=\"\">\n\t\t\t\t\t\t\t\t\t\t\t\t<div class=\"camera_caption moveFromLeft\">\n\t\t\t\t\t\t\t\t\t\t\t\t\t\t<div class=\"camera_caption_title\">\n\t\t\t\t\t\t\t\tSpectacle enfants Vernou\t\t\t\t\t\t\t<\/div>\n\t\t\t\t\t\t\t\t\t\t\t\t\t\t\t\t\t\t\t\t\t<div class=\"camera_caption_desc\">\n\t\t\t\t\t\t\t\tChuchote moi tes r\u00eaves\t\t\t\t\t\t\t<\/div>\n\t\t\t\t\t\t\t\t\t\t\t\t\t\t\t\t\t\t\t\t\t\t\t\t\t\t\t<\/div>\n\t\t\t\t\t\t\t\t\t\t<\/div>\n\t\t\t\t\t\t\t<div  data-thumb=\"http:\/\/lespassereves.fr\/wp-content\/uploads\/2018\/10\/chuchote-02.jpg\" data-src=\"http:\/\/lespassereves.fr\/wp-content\/uploads\/2018\/10\/chuchote-02.jpg\" data-link=\"http:\/\/lespassereves.fr\/wp-content\/uploads\/2018\/10\/chuchote-02.jpg\" data-target=\"\" data-alignment=\"\">\n\t\t\t\t\t\t\t\t\t\t\t\t<div class=\"camera_caption moveFromLeft\">\n\t\t\t\t\t\t\t\t\t\t\t\t\t\t<div class=\"camera_caption_title\">\n\t\t\t\t\t\t\t\tSpectacle enfants Vernou\t\t\t\t\t\t\t<\/div>\n\t\t\t\t\t\t\t\t\t\t\t\t\t\t\t\t\t\t\t\t\t<div class=\"camera_caption_desc\">\n\t\t\t\t\t\t\t\tChuchote moi tes r\u00eaves\t\t\t\t\t\t\t<\/div>\n\t\t\t\t\t\t\t\t\t\t\t\t\t\t\t\t\t\t\t\t\t\t\t\t\t\t\t<\/div>\n\t\t\t\t\t\t\t\t\t\t<\/div>\n\t\t\t\t\t\t\t<div  data-thumb=\"http:\/\/lespassereves.fr\/wp-content\/uploads\/2018\/10\/chuchote-05.jpg\" data-src=\"http:\/\/lespassereves.fr\/wp-content\/uploads\/2018\/10\/chuchote-05.jpg\" data-link=\"http:\/\/lespassereves.fr\/wp-content\/uploads\/2018\/10\/chuchote-05.jpg\" data-target=\"\" data-alignment=\"\">\n\t\t\t\t\t\t\t\t\t\t\t\t<div class=\"camera_caption moveFromLeft\">\n\t\t\t\t\t\t\t\t\t\t\t\t\t\t<div class=\"camera_caption_title\">\n\t\t\t\t\t\t\t\tSpectacle enfants Vernou\t\t\t\t\t\t\t<\/div>\n\t\t\t\t\t\t\t\t\t\t\t\t\t\t\t\t\t\t\t\t\t<div class=\"camera_caption_desc\">\n\t\t\t\t\t\t\t\tChuchote moi tes r\u00eaves\t\t\t\t\t\t\t<\/div>\n\t\t\t\t\t\t\t\t\t\t\t\t\t\t\t\t\t\t\t\t\t\t\t\t\t\t\t<\/div>\n\t\t\t\t\t\t\t\t\t\t<\/div>\n\t\t\t\t\t<\/div>\n\t\t<div style=\"clear:both;\"><\/div>\n\t\t<\/p>\n<p><img data-recalc-dims=\"1\" loading=\"lazy\" decoding=\"async\" data-attachment-id=\"1459\" data-permalink=\"http:\/\/lespassereves.fr\/index.php\/prestations-theatrales\/pour-enfants\/chuchote-moi-tes-reves-web\/#main\" data-orig-file=\"https:\/\/i0.wp.com\/lespassereves.fr\/wp-content\/uploads\/2018\/10\/Chuchote-moi-tes-reves-web.png?fit=214%2C300\" data-orig-size=\"214,300\" data-comments-opened=\"1\" data-image-meta=\"{&quot;aperture&quot;:&quot;0&quot;,&quot;credit&quot;:&quot;&quot;,&quot;camera&quot;:&quot;&quot;,&quot;caption&quot;:&quot;&quot;,&quot;created_timestamp&quot;:&quot;0&quot;,&quot;copyright&quot;:&quot;&quot;,&quot;focal_length&quot;:&quot;0&quot;,&quot;iso&quot;:&quot;0&quot;,&quot;shutter_speed&quot;:&quot;0&quot;,&quot;title&quot;:&quot;&quot;,&quot;orientation&quot;:&quot;0&quot;}\" data-image-title=\"Chuchote-moi-tes-reves-web\" data-image-description=\"\" data-image-caption=\"\" data-large-file=\"https:\/\/i0.wp.com\/lespassereves.fr\/wp-content\/uploads\/2018\/10\/Chuchote-moi-tes-reves-web.png?fit=214%2C300\" class=\"aligncenter wp-image-1459 size-full\" title=\"chuchote Spectacle de th\u00e9\u00e2tre pour enfants\" src=\"https:\/\/i0.wp.com\/lespassereves.fr\/wp-content\/uploads\/2018\/10\/Chuchote-moi-tes-reves-web.png?resize=214%2C300\" alt=\"chuchote Spectacle de th\u00e9\u00e2tre pour enfants\" width=\"214\" height=\"300\" \/><\/p>\n<h2><span style=\"color: #008000;\">impro jeune public des passe r\u00eaves \u00e0 paris, tours, etc<br \/>\n<\/span><\/h2>\n<p><span style=\"color: #0000ff;\">Et si le temps d&rsquo;un instant, nous collections les songes les plus fous du public pour en faire un divertissement sem\u00e9 d&rsquo;impr\u00e9vu.<\/span><br \/>\n<span style=\"color: #0000ff;\">Totalement spontan\u00e9, il se base sur la participation active de notre public pour mettre en \u0153uvre des historiettes qui divertiront les spectateurs de tous ages.<\/span><\/p>\n<p><span style=\"color: #0000ff;\">Il a \u00e9t\u00e9 cr\u00e9\u00e9 pour stimuler l&rsquo;intelligence du spectateur qui peut devenir acteur le temps d&rsquo;une \u00e9ph\u00e9m\u00e8re fable.<\/span><br \/>\n<span style=\"color: #0000ff;\">Le show se renouvelle \u00e0 l&rsquo;envie puisqu&rsquo;il repose sur l&rsquo;\u00e9troite collaboration des com\u00e9diens et de son public \u00e0 l&rsquo;imaginaire fertile.<\/span><\/p>\n<p><span style=\"color: #0000ff;\">Il s&rsquo;agit d&rsquo;un des <a style=\"color: #0000ff;\" href=\"http:\/\/lespassereves.fr\/index.php\/nos-prestations\/pour-enfants\/\">spectacles<\/a> que nous proposons parmi notre choix d\u00e9di\u00e9 \u00e0 un jeune public. N&rsquo;h\u00e9sitez-pas \u00e0 nous <a href=\"http:\/\/lespassereves.fr\/index.php\/contact\/\">consulter<\/a> pour ouvrir un dialogue avec nos com\u00e9diens.<br \/>\n<\/span><\/p>\n<h3><span style=\"color: #008000;\">Vous aurez sans doute au programme, des contes, des chansons, des histoires farfelus, des personnages originaux, de curieux animaux et tout ce que vous aurez envie de nous sugg\u00e9rer. En tourn\u00e9e en le de France, Touraine et partout ailleurs&#8230;<\/span><\/h3>\n<p><span style=\"color: #008000;\"><span style=\"color: #0000ff;\">Apr\u00e8s l&rsquo;avoir essay\u00e9 dans une cr\u00e8che \u00e0 la r\u00e9union, nous avons entam\u00e9 une s\u00e9rie de plusieurs dimanches apr\u00e8s-midi au pixel de Paris.<\/span><br \/>\n<span style=\"color: #0000ff;\">Depuis ce divertissement s&rsquo;offre aux regards des petits et des grands au gr\u00e9 de vos sollicitations.<\/span><br \/>\n<span style=\"color: #0000ff;\">Quelque soit la situation, nous nous adaptons aux lieux et aux structures rencontr\u00e9s pour vous proposer de d\u00e9licieux moments de convivialit\u00e9.<\/span><br \/>\n<\/span><\/p>\n<h4><strong><span style=\"color: #008000;\">Critiques Billet Reduc<\/span><\/strong><\/h4>\n<p><img data-recalc-dims=\"1\" loading=\"lazy\" decoding=\"async\" data-attachment-id=\"1456\" data-permalink=\"http:\/\/lespassereves.fr\/index.php\/qui-sommes-nous\/temoignages\/capture-billetreduc-passe-reves-2\/#main\" data-orig-file=\"https:\/\/i0.wp.com\/lespassereves.fr\/wp-content\/uploads\/2018\/10\/Capture-billetreduc-passe-reves.png?fit=446%2C128\" data-orig-size=\"446,128\" data-comments-opened=\"1\" data-image-meta=\"{&quot;aperture&quot;:&quot;0&quot;,&quot;credit&quot;:&quot;&quot;,&quot;camera&quot;:&quot;&quot;,&quot;caption&quot;:&quot;&quot;,&quot;created_timestamp&quot;:&quot;0&quot;,&quot;copyright&quot;:&quot;&quot;,&quot;focal_length&quot;:&quot;0&quot;,&quot;iso&quot;:&quot;0&quot;,&quot;shutter_speed&quot;:&quot;0&quot;,&quot;title&quot;:&quot;&quot;,&quot;orientation&quot;:&quot;0&quot;}\" data-image-title=\"Capture-billetreduc-passe-reves\" data-image-description=\"\" data-image-caption=\"\" data-large-file=\"https:\/\/i0.wp.com\/lespassereves.fr\/wp-content\/uploads\/2018\/10\/Capture-billetreduc-passe-reves.png?fit=446%2C128\" class=\"wp-image-1456 size-full aligncenter\" title=\"critique\" src=\"https:\/\/i0.wp.com\/lespassereves.fr\/wp-content\/uploads\/2018\/10\/Capture-billetreduc-passe-reves.png?resize=446%2C128\" alt=\"critique\" width=\"446\" height=\"128\" srcset=\"https:\/\/i0.wp.com\/lespassereves.fr\/wp-content\/uploads\/2018\/10\/Capture-billetreduc-passe-reves.png?w=446 446w, https:\/\/i0.wp.com\/lespassereves.fr\/wp-content\/uploads\/2018\/10\/Capture-billetreduc-passe-reves.png?resize=300%2C86 300w\" sizes=\"auto, (max-width: 446px) 100vw, 446px\" \/><\/p>\n<p><img data-recalc-dims=\"1\" loading=\"lazy\" decoding=\"async\" data-attachment-id=\"1451\" data-permalink=\"http:\/\/lespassereves.fr\/index.php\/qui-sommes-nous\/temoignages\/critique-billetreduc-passe-reves-spectacle-enfants\/#main\" data-orig-file=\"https:\/\/i0.wp.com\/lespassereves.fr\/wp-content\/uploads\/2018\/10\/critique-billetreduc-passe-reves-spectacle-enfants.png?fit=548%2C164\" data-orig-size=\"548,164\" data-comments-opened=\"1\" data-image-meta=\"{&quot;aperture&quot;:&quot;0&quot;,&quot;credit&quot;:&quot;&quot;,&quot;camera&quot;:&quot;&quot;,&quot;caption&quot;:&quot;&quot;,&quot;created_timestamp&quot;:&quot;0&quot;,&quot;copyright&quot;:&quot;&quot;,&quot;focal_length&quot;:&quot;0&quot;,&quot;iso&quot;:&quot;0&quot;,&quot;shutter_speed&quot;:&quot;0&quot;,&quot;title&quot;:&quot;&quot;,&quot;orientation&quot;:&quot;0&quot;}\" data-image-title=\"critique-billetreduc-passe-reves-spectacle-enfants\" data-image-description=\"\" data-image-caption=\"\" data-large-file=\"https:\/\/i0.wp.com\/lespassereves.fr\/wp-content\/uploads\/2018\/10\/critique-billetreduc-passe-reves-spectacle-enfants.png?fit=548%2C164\" class=\"wp-image-1451 size-full aligncenter\" title=\"critique\" src=\"https:\/\/i0.wp.com\/lespassereves.fr\/wp-content\/uploads\/2018\/10\/critique-billetreduc-passe-reves-spectacle-enfants.png?resize=548%2C164\" alt=\"critique\" width=\"548\" height=\"164\" srcset=\"https:\/\/i0.wp.com\/lespassereves.fr\/wp-content\/uploads\/2018\/10\/critique-billetreduc-passe-reves-spectacle-enfants.png?w=548 548w, https:\/\/i0.wp.com\/lespassereves.fr\/wp-content\/uploads\/2018\/10\/critique-billetreduc-passe-reves-spectacle-enfants.png?resize=300%2C90 300w\" sizes=\"auto, (max-width: 548px) 100vw, 548px\" \/><\/p>\n<p>&nbsp;<\/p>\n<h5><span style=\"color: #008000;\">illustrations vid\u00e9os tir\u00e9es de nos impros au Pixel de Paris<\/span><\/h5>\n<p>&nbsp;<\/p>\n<div class=\"jetpack-video-wrapper\"><span class=\"embed-youtube\" style=\"text-align:center; display: block;\"><iframe loading=\"lazy\" class=\"youtube-player\" width=\"620\" height=\"349\" src=\"https:\/\/www.youtube.com\/embed\/w7ZOuM-eQgc?version=3&#038;rel=1&#038;showsearch=0&#038;showinfo=1&#038;iv_load_policy=1&#038;fs=1&#038;hl=fr-FR&#038;autohide=2&#038;wmode=transparent\" allowfullscreen=\"true\" style=\"border:0;\" sandbox=\"allow-scripts allow-same-origin allow-popups allow-presentation allow-popups-to-escape-sandbox\"><\/iframe><\/span><\/div>\n<h6>Les lieux r\u00eav\u00e9s pour de belles rencontres :<\/h6>\n<p><span style=\"color: #0000ff;\"><strong>Il s\u2019agit d\u2019un <\/strong><strong>spectacle de th\u00e9\u00e2tre pour enfants <\/strong><strong>s\u2019adaptant \u00e0 tout type d\u2019\u00e9v\u00e9nements et de lieux :<br \/>\n\u00c9cole Maternelle, primaire, la rue, camping, comit\u00e9 d\u2019entreprise, \u00e9cole, repas.<br \/>\nCE de no\u00ebl, mariages, f\u00eates de fin d\u2019ann\u00e9e, clubs, associations.<br \/>\n<\/strong><\/span><span style=\"color: #0000ff;\"><strong>mairies, en centre de loisirs, maisons de quartiers, dans des bars,\u00a0 dans des h\u00f4pitaux, etc\u2026<\/strong><\/span><\/p>\n","protected":false},"excerpt":{"rendered":"<p>Chuchote-moi tes r\u00eaves : notre Spectacle d&rsquo;Improvisation Th\u00e9\u00e2trale pour Enfants.<br \/>\nInteractif et participatif, ce show comblera petits et grands&#8230;<\/p>\n","protected":false},"author":1,"featured_media":0,"parent":707,"menu_order":0,"comment_status":"closed","ping_status":"closed","template":"","meta":{"jetpack_post_was_ever_published":false,"footnotes":""},"class_list":["post-1483","page","type-page","status-publish","hentry","without-featured-image"],"jetpack_sharing_enabled":true,"jetpack_shortlink":"https:\/\/wp.me\/P7LDIs-nV","jetpack_likes_enabled":true,"_links":{"self":[{"href":"http:\/\/lespassereves.fr\/index.php\/wp-json\/wp\/v2\/pages\/1483","targetHints":{"allow":["GET"]}}],"collection":[{"href":"http:\/\/lespassereves.fr\/index.php\/wp-json\/wp\/v2\/pages"}],"about":[{"href":"http:\/\/lespassereves.fr\/index.php\/wp-json\/wp\/v2\/types\/page"}],"author":[{"embeddable":true,"href":"http:\/\/lespassereves.fr\/index.php\/wp-json\/wp\/v2\/users\/1"}],"replies":[{"embeddable":true,"href":"http:\/\/lespassereves.fr\/index.php\/wp-json\/wp\/v2\/comments?post=1483"}],"version-history":[{"count":55,"href":"http:\/\/lespassereves.fr\/index.php\/wp-json\/wp\/v2\/pages\/1483\/revisions"}],"predecessor-version":[{"id":2082,"href":"http:\/\/lespassereves.fr\/index.php\/wp-json\/wp\/v2\/pages\/1483\/revisions\/2082"}],"up":[{"embeddable":true,"href":"http:\/\/lespassereves.fr\/index.php\/wp-json\/wp\/v2\/pages\/707"}],"wp:attachment":[{"href":"http:\/\/lespassereves.fr\/index.php\/wp-json\/wp\/v2\/media?parent=1483"}],"curies":[{"name":"wp","href":"https:\/\/api.w.org\/{rel}","templated":true}]}}