{"id":19,"date":"2016-06-10T14:15:13","date_gmt":"2016-06-10T13:15:13","guid":{"rendered":"http:\/\/lespassereves.fr\/?page_id=19"},"modified":"2025-09-28T15:00:42","modified_gmt":"2025-09-28T14:00:42","slug":"blog","status":"publish","type":"page","link":"http:\/\/lespassereves.fr\/index.php\/blog\/","title":{"rendered":"Blog"},"content":{"rendered":"<p style=\"text-align: center;\"><span style=\"color: #0000ff; font-size: 14pt;\"><span style=\"color: #ff00ff; font-size: 18pt;\">Bienvenue dans l&rsquo;espace blog des Passe R\u00eaves.<br \/>\n<\/span><\/span><span style=\"color: #0000ff; font-size: 14pt;\">Vous trouvez ici nos \u00e9changes \u00e9pistolaires<\/span><br \/>\n<span style=\"color: #0000ff; font-size: 14pt;\">autour de nombreux th\u00e8mes qui nous tiennent \u00e0 c\u0153ur&#8230;<\/span><\/p>\n<p style=\"text-align: center;\"><span style=\"color: #0000ff; font-size: 14pt;\">L&rsquo;occasion pour nous de partager avec\u00a0nos multiples univers.<br \/>\nVous pouvez si vous le souhaitez nous d\u00e9poser un commentaire.<\/span><\/p>\n<p style=\"text-align: center;\"><span style=\"font-size: 14pt;\"><span style=\"color: #0000ff;\">Enfin, pour prolonger la discussion, suivez-nous sur <\/span><a href=\"http:\/\/www.facebook.com\/Les-Passe-R\u00eaves-264072243941214\/?fref=ts\">Facebook<\/a>\u00a0!<\/span><\/p>\n<p style=\"text-align: center;\">\n","protected":false},"excerpt":{"rendered":"<p>Bienvenue dans l&rsquo;espace blog des Passe R\u00eaves. Vous trouvez ici nos \u00e9changes \u00e9pistolaires autour de nombreux th\u00e8mes qui nous tiennent \u00e0 c\u0153ur&#8230; L&rsquo;occasion pour nous de partager avec\u00a0nos multiples univers. Vous pouvez si vous le souhaitez nous d\u00e9poser un commentaire. Enfin, pour prolonger la discussion, suivez-nous sur Facebook\u00a0!<\/p>\n","protected":false},"author":1,"featured_media":0,"parent":0,"menu_order":27,"comment_status":"closed","ping_status":"closed","template":"","meta":{"jetpack_post_was_ever_published":false,"footnotes":""},"class_list":["post-19","page","type-page","status-publish","hentry","without-featured-image"],"jetpack_sharing_enabled":false,"jetpack_shortlink":"https:\/\/wp.me\/P7LDIs-j","jetpack_likes_enabled":true,"_links":{"self":[{"href":"http:\/\/lespassereves.fr\/index.php\/wp-json\/wp\/v2\/pages\/19","targetHints":{"allow":["GET"]}}],"collection":[{"href":"http:\/\/lespassereves.fr\/index.php\/wp-json\/wp\/v2\/pages"}],"about":[{"href":"http:\/\/lespassereves.fr\/index.php\/wp-json\/wp\/v2\/types\/page"}],"author":[{"embeddable":true,"href":"http:\/\/lespassereves.fr\/index.php\/wp-json\/wp\/v2\/users\/1"}],"replies":[{"embeddable":true,"href":"http:\/\/lespassereves.fr\/index.php\/wp-json\/wp\/v2\/comments?post=19"}],"version-history":[{"count":13,"href":"http:\/\/lespassereves.fr\/index.php\/wp-json\/wp\/v2\/pages\/19\/revisions"}],"predecessor-version":[{"id":3849,"href":"http:\/\/lespassereves.fr\/index.php\/wp-json\/wp\/v2\/pages\/19\/revisions\/3849"}],"wp:attachment":[{"href":"http:\/\/lespassereves.fr\/index.php\/wp-json\/wp\/v2\/media?parent=19"}],"curies":[{"name":"wp","href":"https:\/\/api.w.org\/{rel}","templated":true}]}}